3*g**2 + 0 - 2/3*g**3 - 5/24*g**4. Calculate x(6).
2
Let n(f) = 7*f - 54. Let p(m) = 2594*m + 2601. Let q be p(-1). What is n(q)?
-5
Let x(u) be the first derivative of 4*u - 17 - 3/2*u**2 - 2*u**3 - 1/4*u**4. Determine x(-5).
-6
Suppose 3*w + 88 = 4*a, -4*a + 4*w = -95 + 7. Let h(r) = -46*r + 8 + a*r + 20*r. Determine h(6).
-16
Let b(u) = u**3 + 2*u**2 + 4. Suppose 2*t + 38 = 2*k, -2*k + 4*k + 3*t = 23. Let a = 16 - k. Suppose -4*o + a*w - 2*w = 12, -2*o = -w + 6. Determine b(o).
-5
Suppose 14*z = 9*z + 20. Let n = 13 - 9. Suppose 0*x = f + 5*x - n, -f - 2*x = -z. Let t(w) = w**3 - 4*w**2 - w + 3. What is t(f)?
-1
Let c(b) be the first derivative of -b**3/3 + b**2/2 + 7*b + 2. Let y be (-76)/13 + (-888)/5772. Determine c(y).
-35
Let r(i) = -7*i**3 + 2*i**2 + i**2 + 6*i**3 - i. Suppose 9*p = 28 - 10. Suppose 0 = 3*g - 4 - p. Calculate r(g).
2
Let o(d) be the third derivative of d**5/60 + d**4/3 + 7*d**3/2 - 3*d**2 + 81*d - 3. What is o(-8)?
21
Let z be (-2 - 28/(-2)) + -7. Suppose 3*j - 7 = -1. Let n(r) = 6*r - z*r + 3 - j. Give n(6).
7
Let l(n) = -n**2 + 17*n - 14. Let c(m) = -6*m + 5. Let y(u) = -8*c(u) - 3*l(u). Calculate y(-2).
20
Let d(n) be the third derivative of 0*n - 18*n**2 + 0 - 7/6*n**3 - 1/6*n**4. Let l be ((-8)/12 - 1)*-3. Calculate d(l).
-27
Let l(z) = -z**2 + 15*z + 35. Suppose 0 = -13*v + 40857 - 40662. What is l(v)?
35
Let i(m) = m - 93 + 175 - 86 + m. Let n = 33 - 23. Let v = n + -6. Determine i(v).
4
Let t(x) be the second derivative of -23*x**3/6 + 6*x**2 - 3351*x. Give t(3).
-57
Let f(a) = -36*a + 269. Let z(l) = -899*l + 6696. Let v(y) = -124*f(y) + 5*z(y). Calculate v(4).
0
Let c be (5 + 3 + -5)/((-6)/(-10)) + -10. Let f(y) = -18*y + 13. Give f(c).
103
Let l(g) = 3*g**2 + 7*g + 10. Let i = 2970 + -2972. What is l(i)?
8
Let x(l) = 12*l**3 + l - 1. Let q be ((-3)/(-2))/(42/364). Let y be 3/2 + q/(-26). What is x(y)?
12
Let c(g) = -g - 10. Let y(l) = -32*l - 38. Let j(w) = -4*c(w) + y(w). Determine j(-1).
30
Let r(k) = -3*k**3 + 22*k**2 + 17*k. Let o be (6 + -2 + 0)/((-1)/48*-24). What is r(o)?
8
Let k(q) = -25*q - 109. Let v be k(-5). Let p(l) be the second derivative of -l**5/20 + 5*l**4/4 + 8*l**3/3 + 5*l**2/2 - 44*l + 2. What is p(v)?
5
Let i(x) be the second derivative of -x**3/6 + 5*x**2/2 + 1430*x. Suppose 4*p = 1 + 15. Suppose 21 = -v + p*v. Determine i(v).
-2
Let g be (-2 + 0)*-1 - -1. Let n(y) = -2*y - 2 + 2*y**2 - y + g + y. Suppose 5*r = 88*z - 89*z + 12, 3*z - 14 = -4*r. Give n(z).
5
Let u(i) = 9*i**2 + 40*i - 62. Let g(t) = 6*t**2 + 27*t - 38. Let a(o) = 7*g(o) - 5*u(o). Calculate a(-6).
2
Let l be -11*(-2)/(-6)*3. Let g(f) = -17*f**3 - 36*f**2 + 9*f. Let q(v) = -3*v**3 - 7*v**2 + 2*v. Let s(t) = l*q(t) + 2*g(t). Calculate s(4).
0
Let f be 1 + 1 + 0 + 0. Let b(r) = -19*r**f + 1 + 3 - 5 - r. Suppose 5*v + o = -12, -86*v + 2*o = -87*v - 15. Determine b(v).
-19
Let s(z) be the third derivative of -z**5/60 - 2*z**4/3 - 11*z**3/6 + 1520*z**2. Determine s(-15).
4
Let n(d) = -13*d**2 + 12*d - 5. Let c(l) = l**2 - 3*l + 1. Let u(w) = -4*c(w) - n(w). Suppose -2*p - 17*z - 1 = -16*z, p - z = 4. Determine u(p).
10
Let n(x) = 17 + x**2 - 36 + 19 + 4*x - 5*x. Let q be 2/(3/6 - 0). Suppose u = q*u. Give n(u).
0
Let r(m) be the second derivative of -m**5/10 - m**4/12 + m**3/3 - 41*m**2/2 - 428*m. Give r(0).
-41
Let n(i) = 3*i**2 + 17*i + 12. Let h(z) = z**3 - 8*z**2 + 5*z - 255. Let o be h(10). What is n(o)?
2
Suppose -25 = 4*u + b, 7*u - b = 3*u - 15. Let h(j) = -18*j - 44. Let p(r) = 13*r + 29. Let w(g) = u*h(g) - 7*p(g). What is w(0)?
17
Let n(j) be the first derivative of j**3/3 + 17*j**2/2 + 23*j - 2447. Determine n(-10).
-47
Let x(l) = l**2 + l + 3. Let m(q) = 438 + 2*q**3 - 9*q**2 - 9*q - 3*q**3 - 446. Let a be m(-8). What is x(a)?
3
Let q(j) = -4*j + 3. Let t = -26 - -30. Suppose 5*a + 2 - 8 = -2*h, -8 = -2*a + 2*h. Suppose 0 = -t*y - 2*n + 14, y - n - a*n = -7. What is q(y)?
-5
Let o(k) be the third derivative of -103*k**2 + 1/6*k**3 + 0*k + 0 - 25/24*k**4. Calculate o(-1).
26
Let u be ((-2)/(-8))/(195/(-20) + (42 - 32)). Let g(t) = -48*t**3 + t**2 + 2*t - 3. What is g(u)?
-48
Let x(u) = 11*u**2 - 65*u + 6. Let j be x(6). Let o(i) = 2*i**3 - 24*i**2 - 8*i + 101. Determine o(j).
5
Suppose -96*r = 110*r - 449 - 581. Let k(w) = -2*w**2 + 17. Calculate k(r).
-33
Let n(k) = -k**2 - k + 25. Let m(c) = 2*c**2 + 6*c + 1. Let h be m(-3). Let f be -3 + (1/h*4 - 3). Let g be 2 + f + 3 + -3. Calculate n(g).
25
Suppose -129 + 176 = 5*w + 2*r, 2*w - 5*r = 13. Let n(h) = h**2 + h. Let j(f) = f**3 - 6*f**2 - 7*f + 1. Let y(k) = j(k) - 2*n(k). Give y(w).
1
Let j(u) = 6*u**2 - 2007 - u**2 - 7*u + u**3 + 2004. What is j(-6)?
3
Let d(v) = v**3 - 7*v**2 - 16*v + 100. Let a(y) = y**3 - 3*y**2 - 8*y + 56. Let l(p) = 9*a(p) - 5*d(p). Determine l(-3).
-56
Let f(g) = 17*g**2 - 276*g + 69. Let r be f(16). Let h(m) = -m - 1. What is h(r)?
-6
Let y(x) be the third derivative of x**6/720 - x**5/60 - x**4/6 + 2*x**2. Let n(u) be the second derivative of y(u). Let r be 12*(14/4 + -4). Calculate n(r).
-8
Let t(r) = 50*r + 530. Let s be t(-11). Let d(o) = o**3 + 18*o**2 - 41*o - 20. Calculate d(s).
0
Let s(x) = 22*x**2 - x**3 - 19 - 9 + 33 - 29 - 24 - 19*x. Give s(21).
-6
Let k(s) = -5*s**3 + 8*s**2 + 10*s + 10. Let l(b) = 4*b**3 - 7*b**2 - 9*b - 9. Let h(j) = -5*k(j) - 6*l(j). Suppose 58 - 16 = -14*z. Determine h(z).
-17
Let x(y) = -17*y**3 + 2502*y - 2500*y + 29 - 28. What is x(-1)?
16
Let i(a) = 1777*a**2 - a - 3575*a**2 + 1797*a**2 + 7 + a. Give i(-5).
-18
Suppose 21*y + 3395 = -5551. Let o = -424 - y. Let w(d) = -2*d**3 + 2*d. What is w(o)?
-12
Let s(y) = y**3 - 6*y**2 + 19*y - 60. Let p be (-1904)/(-384) - 8/(-192). What is s(p)?
10
Let u(w) be the third derivative of w**8/20160 + w**7/630 - 7*w**6/720 + 2*w**5/3 + 2*w**2 - 27*w. Let y(d) be the third derivative of u(d). Determine y(-6).
-19
Let c(k) = -21*k. Let g(y) = -4*y. Let j(o) = -2*c(o) + 11*g(o). Let z(d) = 22*d + 241. Let b be z(-11). Give j(b).
2
Suppose 4*h = 2*u + 842, 4*h + u = -2*u + 817. Let w(f) = 0*f - h + 2*f**2 - f - 3*f**2 + 191. What is w(0)?
-17
Let p(b) = -b - 5. Let k be 531/5 - (-4 + (-126)/(-30)). Let s(g) = 8 + 108*g - 3 - k*g. Let m(o) = -4*p(o) - 3*s(o). What is m(5)?
-5
Let c(n) = n**3 + 8*n**2 + 8*n + 8. Let f(g) = 17*g**2 + 2*g + 40. Let j be f(6). Let m = 657 - j. What is c(m)?
1
Let k(a) = a**3 - 11*a**2 + 11*a + 4. Suppose 0 = 3*n - 12*m + 11*m - 34, -3*m - 52 = -4*n. Determine k(n).
14
Let j(q) be the second derivative of -2*q**3/3 - 50*q - 1. Suppose -2 = -r + l, -r - 4*l = 3*r - 8. Suppose -i + 8 = -0*p - r*p, 12 = 3*i. What is j(p)?
8
Let l be ((-232)/290)/((-2)/5 - 0). Let w(z) = -10*z**2 + 2*z + 11*z**2 + 0*z**l. Give w(-3).
3
Let u be (0 + 0)*(7 - (49/14 - -3)). Let d(m) = m**3 + 2*m**2 - m + 28. Determine d(u).
28
Let c(v) be the third derivative of -v**4/8 - 29*v**3/6 - 4*v**2 + 59*v. Determine c(15).
-74
Let v(c) be the third derivative of 2*c**4/3 - c**3/3 + 2*c**2 - c - 35. What is v(4)?
62
Let j be (-20 - 2)/(-25 - -26). Let o(n) = n**3 + 17*n**2 - 109*n + 29. Determine o(j).
7
Let u(m) = 7*m**3 + 19*m**2 - 4*m + 58. Let k(h) = -6*h**3 - 20*h**2 + 3*h - 58. Let p(o) = 6*k(o) + 5*u(o). Let g be p(-25). Let c(z) = -z - 9. Give c(g).
-1
Let c(x) = -6*x + 3*x - 9*x - 21*x - 1. Let s(z) be the third derivative of -101*z**4/24 - 2*z**3/3 + 289*z**2. Let t(a) = 7*c(a) - 2*s(a). Determine t(1).
-28
Suppose -573 + 641 = -4*o - z, 5*o - 3*z = -68. Let q(m) = -7*m - 101. Give q(o).
11
Let i(z) = -56195 + 18705 - z + 18715 + 18729. Calculate i(-21).
-25
Let j(a) = a**2 - 6*a + 7. Let i be j(6). Let q(o) = 9*o + 17*o + 19*o - 54*o - 16*o**2 + 2 + 17*o**2. Calculate q(i).
-12
Suppose 0 = 25*u - 21*u - 12. Let m(s) = 3*s - 5*s - 1 + u*s + 2*s. What is m(2)?
5
Let x(h) = -h**3 + 6*h**2 + h - 4. Let n be (-3)/(18/(-4))*-114. Let b be 20/(-8)*(-164)/5. Let k = b + n. Calculate x(k).
2
Suppose -5*u + 10 = -5*h + 9*h, 4*u - h = 8. Suppose u*q = -q. Let a(i) = i**3 - i**2 + 20. Give a(q).
20
Let o(d) = d**2 - 19*d - 7. Let j be o(20). Suppose -j*w = -11*w - 16. Let f(v) = -2*v + 18. Give f(w).
2
Let p(l) be the first derivative of -5*l**2/2 - 27*l - 1094. What is p(-21)?
78
Let x(y) = -3*y**2 + 28*y + 25. Let n(m) = -m**2 + 14*m + 12. Let t(p) = -5*n(p) + 2*x(